{"id":965,"date":"2024-05-28T09:55:50","date_gmt":"2024-05-28T07:55:50","guid":{"rendered":"https:\/\/www.athema.it\/catalogo_benedini\/?page_id=965"},"modified":"2024-12-02T11:20:14","modified_gmt":"2024-12-02T10:20:14","slug":"avvertenza","status":"publish","type":"page","link":"https:\/\/www.athema.it\/catalogo_benedini\/avvertenza\/","title":{"rendered":"Avvertenza"},"content":{"rendered":"\n<h2>\n\t\tAvvertenza\n\t<\/h2>\n\tIl <b>Catalogo ragionato online<\/b> mantiene il sistema di relazioni che caratterizza il programma di archiviazione <i>Arcop\u00e9<\/i>, fornendo una lettura integrata dei dati.<br \/>\nLa prima versione del programma, nata una ventina di anni fa, si \u00e8 avvalsa del motore di database Microsoft Access. La versione residenziale di <i>Arcop\u00e9<\/i> \u00e8 stata soppiantata da una online, che si avvale del sistema MySQL, cos\u00ec da permettere l&#8217;accesso da qualsiasi luogo e a pi\u00f9 catalogatori in contemporanea, rendendo possibili anche, grazie alle innovazioni tecnologiche, maggiori collegamenti, nonch\u00e9 l&#8217;inserimento di materiali multimediali, dai filmati alle scansioni di testi.<br \/>\nLe informazioni raccolte durante gli anni nel lavoro di archiviazione sono dunque confluite, riordinate e riviste, nel <b>Catalogo ragionato online<\/b>, che propone quindi una riflessione completa e articolata su oltre sessant&#8217;anni di attivit\u00e0.<br \/>\nGrazie a queste informazioni si \u00e8 elaborata inoltre in modo puntuale la<b> Biografia<\/b> di Gabriella Benedini, evidenziando le fonti utili per la ricostruzione.<br \/>\nTutte le fonti utilizzate per la realizzazione del presente Catalogo sono conservate in originale, fotocopia o in formato digitale presso l&#8217;Archivio Gabriella Benedini.\n<p><b><i>La ricerca<\/i><\/b><\/p>\n<p>La ricerca pu\u00f2 essere libera, compiuta attraverso alcuni campi:<\/p>\n<p>&#8211; codice numerico, inventario alfa-numerico, titolo, anno, tecnica e supporto;\u00a0<\/p>\n<p>&#8211; curatore\/ideatore, ma anche il nome di chi ha presentato\/introdotto la rassegna, titolo, anno, citt\u00e0 e luogo per le Esposizioni\u00a0<\/p>\n<p>&#8211; autore\/curatore, titolo, testata, anno per la Bibliografia;<\/p>\n<p>o pu\u00f2 essere guidata, all&#8217;interno delle sezioni proposte che raggruppano nuclei significativi delle <b>Opere<\/b> e nelle quali \u00e8 suddivisa la produzione dell&#8217;artista.<\/p>\n<p><b><i>Opere<\/i><\/b><\/p>\n<p>Fulcro dell&#8217;Archivio e di conseguenza del Catalogo ragionato sono le opere che l&#8217;artista ha realizzato. Si \u00e8 inteso dar conto di tutta la sua attivit\u00e0, inserendo ogni tipologia di lavoro, compiuto o a livello di studio\/bozza o progetto: tutti i lavori sono stati trattati con la medesima attenzione e il medesimo rigore, cercando di recuperare quante pi\u00f9 informazioni possibili. Purtroppo molte opere risultano di Ubicazione ignota e non \u00e8 stato quindi possibile completare\/verificare i dati tecnici.<\/p>\n<p>Alla luce di un&#8217;analisi completa le <b>Opere<\/b> di Gabriella Benedini sono suddivise in 18 sezioni, che restituiscono l&#8217;ampiezza e la peculiarit\u00e0 della sua ricerca:<\/p>\n<p><b><i>Arpe<\/i><\/b><i>; <strong>Bidimensionali; <\/strong><\/i><b><i>Costellazioni<\/i><\/b><i>; <strong>F<\/strong><\/i><b><i>ilm; Goniometri; Incisioni; Installazioni; Libri; Metronomi; Multipli; Navigazioni;<\/i><\/b><i>\u00a0<\/i><b><i>Pendoli del tempo; Progetti; Sculture; Sculture pensili; Sestanti; Vari; Vele.<\/i><\/b><\/p>\n<p>Accedendo a ogni singola sezione \u00e8 quindi possibile visualizzare tutte le opere appartenenti a quel gruppo, accomunate da analoghi elementi stilistici o tipologici, che compaiono in ordine cronologico.<\/p>\n<p>Ciascuna opera, oltre alle caratteristiche tecniche, alle indicazioni di eventuali scritte sia sul fronte sia sul retro del supporto o del telaio e a eventuali notazioni, presenta i riferimenti bibliografici ed espositivi disposti in ordine cronologico: \u00e8 possibile cio\u00e8 sapere dove \u00e8 stata pubblicata o citata e a quali rassegne \u00e8 stata presente.\u00a0<\/p>\n<p>Inoltre ogni lavoro \u00e8 corredato da una fotografia; in molti casi da pi\u00f9 di una immagine, cos\u00ec che sia possibile conoscere i successivi passaggi e modifiche che l&#8217;opera ha subito, restituendo una modalit\u00e0 di lavoro peculiare dell&#8217;artista. Moltissime opere sono state fotografate in occasione della realizzazione del Catalogo ragionato, tuttavia quando non \u00e8 stato possibile recuperare l&#8217;opera, si \u00e8 scelto di inserire anche immagini di qualit\u00e0 modesta, in modo che comunque il lavoro sia identificabile.<\/p>\n<p>Per le informazioni relative ai criteri adottati nella compilazione delle schede si rimanda alla <b>Guida alla consultazione delle schede<\/b>.<\/p>\n<p><b><i>Esposizioni<\/i><\/b><\/p>\n<p>Integrano il lavoro catalografico la sezione delle <b>Esposizioni <\/b>e quella della <b>Bibliografia<\/b>, tra loro collegate e connesse, come si \u00e8 detto, con le opere.<\/p>\n<p>La <b>Esposizioni,<\/b> oltre a essere collegate con l&#8217;opera cui ciascuna si riferisce, possono essere selezionate interamente e compaiono in ordine cronologico o possono essere ricercate secondo tre tipologie: esposizioni personali, esposizioni collettive, premi.<\/p>\n<p>Questi ultimi costituiscono, infatti, un capitolo particolare e rilevante, dato che l&#8217;organizzazione di premi era molto diffusa nei decenni sessanta e settanta. E&#8217; parso quindi opportuno metterli in evidenza, poich\u00e9 fanno emergere l&#8217;attenzione rivolta all&#8217;artista, fin dai primi anni della sua attivit\u00e0.<\/p>\n<p>Per le Esposizioni \u00e8 possibile una ricerca, oltre che per titolo, per anno\/periodo, per curatore, per citt\u00e0 e\/o luogo.<\/p>\n<p>A ciascuna Esposizione, oltre al catalogo relativo, sono collegati anche gli articoli della rassegna stampa che contengono riferimenti all&#8217;artista.<\/p>\n<p>Per la presenza delle opere nelle rassegne ci si \u00e8 avvalsi, oltre che dei cataloghi e\/o di materiali pubblicati, anche di scatti fotografici, spesso amatoriali, che documentano l&#8217;allestimento espositivo.<\/p>\n<p><b><i>Bibliografia<\/i><\/b><\/p>\n<p>Oltre a poter accedere alle voci bibliografiche da ciascuna scheda delle opere, \u00e8 possibile\u00a0 visualizzare l&#8217;intera <b>Bibliografia<\/b>, che compare in ordine cronologico, o selezionarla attraverso\u00a0 tre tipologie: volumi\/saggi, comprendente libri e cataloghi, nonch\u00e9 testi specifici contenuti in volumi; articoli di periodici e quotidiani; opere illustrate dall&#8217;artista.<\/p>\n<p>E&#8217; anche possibile compiere una ricerca, oltre che per titolo, per anno\/periodo o per autore.<\/p>\n<p>Incrociando i dati delle tre sezioni &#8211; <b>Opere, Esposizioni, Bibliografia, <\/b>&#8211; \u00e8 quindi possibile ricostruire la vicenda artistica di Gabriella Benedini in tutte le circostanze che l&#8217;hanno vista presente.<\/p>\n<p><b><i>La stampa<\/i><\/b><\/p>\n<p>Ogni scheda e ogni ricerca pu\u00f2 essere stampata in formato pdf utilizzando le consuete funzionalit\u00e0 del browser.<\/p>\n\n","protected":false},"excerpt":{"rendered":"<p>Avvertenza Il Catalogo ragionato online mantiene il sistema di relazioni che caratterizza il programma di archiviazione Arcop\u00e9, fornendo una lettura integrata dei dati. La prima versione del programma, nata una ventina di anni fa, si \u00e8 avvalsa del motore di database Microsoft Access. La versione residenziale di Arcop\u00e9 \u00e8 stata soppiantata da una online, che si avvale del sistema MySQL, cos\u00ec da permettere l&#8217;accesso da qualsiasi luogo e a pi\u00f9 catalogatori in contemporanea, rendendo possibili anche, grazie alle innovazioni tecnologiche, maggiori collegamenti, nonch\u00e9 l&#8217;inserimento di materiali multimediali, dai filmati alle scansioni di testi. Le informazioni raccolte durante gli anni nel lavoro di archiviazione sono dunque confluite, riordinate e riviste, nel&hellip; <a class=\"read-more\" href=\"https:\/\/www.athema.it\/catalogo_benedini\/avvertenza\/\">Read More<\/a><\/p>\n","protected":false},"author":1,"featured_media":0,"parent":0,"menu_order":0,"comment_status":"closed","ping_status":"closed","template":"","meta":{"footnotes":""},"class_list":["post-965","page","type-page","status-publish","hentry"],"_links":{"self":[{"href":"https:\/\/www.athema.it\/catalogo_benedini\/wp-json\/wp\/v2\/pages\/965","targetHints":{"allow":["GET"]}}],"collection":[{"href":"https:\/\/www.athema.it\/catalogo_benedini\/wp-json\/wp\/v2\/pages"}],"about":[{"href":"https:\/\/www.athema.it\/catalogo_benedini\/wp-json\/wp\/v2\/types\/page"}],"author":[{"embeddable":true,"href":"https:\/\/www.athema.it\/catalogo_benedini\/wp-json\/wp\/v2\/users\/1"}],"replies":[{"embeddable":true,"href":"https:\/\/www.athema.it\/catalogo_benedini\/wp-json\/wp\/v2\/comments?post=965"}],"version-history":[{"count":28,"href":"https:\/\/www.athema.it\/catalogo_benedini\/wp-json\/wp\/v2\/pages\/965\/revisions"}],"predecessor-version":[{"id":2213,"href":"https:\/\/www.athema.it\/catalogo_benedini\/wp-json\/wp\/v2\/pages\/965\/revisions\/2213"}],"wp:attachment":[{"href":"https:\/\/www.athema.it\/catalogo_benedini\/wp-json\/wp\/v2\/media?parent=965"}],"curies":[{"name":"wp","href":"https:\/\/api.w.org\/{rel}","templated":true}]}}

<h2>
		Avvertenza
	</h2>
	Il <b>Catalogo ragionato online</b> mantiene il sistema di relazioni che caratterizza il programma di archiviazione <i>Arcopé</i>, fornendo una lettura integrata dei dati.<br />
La prima versione del programma, nata una ventina di anni fa, si è avvalsa del motore di database Microsoft Access. La versione residenziale di <i>Arcopé</i> è stata soppiantata da una online, che si avvale del sistema MySQL, così da permettere l&#8217;accesso da qualsiasi luogo e a più catalogatori in contemporanea, rendendo possibili anche, grazie alle innovazioni tecnologiche, maggiori collegamenti, nonché l&#8217;inserimento di materiali multimediali, dai filmati alle scansioni di testi.<br />
Le informazioni raccolte durante gli anni nel lavoro di archiviazione sono dunque confluite, riordinate e riviste, nel <b>Catalogo ragionato online</b>, che propone quindi una riflessione completa e articolata su oltre sessant&#8217;anni di attività.<br />
Grazie a queste informazioni si è elaborata inoltre in modo puntuale la<b> Biografia</b> di Gabriella Benedini, evidenziando le fonti utili per la ricostruzione.<br />
Tutte le fonti utilizzate per la realizzazione del presente Catalogo sono conservate in originale, fotocopia o in formato digitale presso l&#8217;Archivio Gabriella Benedini.
<p><b><i>La ricerca</i></b></p>
<p>La ricerca può essere libera, compiuta attraverso alcuni campi:</p>
<p>&#8211; codice numerico, inventario alfa-numerico, titolo, anno, tecnica e supporto; </p>
<p>&#8211; curatore/ideatore, ma anche il nome di chi ha presentato/introdotto la rassegna, titolo, anno, città e luogo per le Esposizioni </p>
<p>&#8211; autore/curatore, titolo, testata, anno per la Bibliografia;</p>
<p>o può essere guidata, all&#8217;interno delle sezioni proposte che raggruppano nuclei significativi delle <b>Opere</b> e nelle quali è suddivisa la produzione dell&#8217;artista.</p>
<p><b><i>Opere</i></b></p>
<p>Fulcro dell&#8217;Archivio e di conseguenza del Catalogo ragionato sono le opere che l&#8217;artista ha realizzato. Si è inteso dar conto di tutta la sua attività, inserendo ogni tipologia di lavoro, compiuto o a livello di studio/bozza o progetto: tutti i lavori sono stati trattati con la medesima attenzione e il medesimo rigore, cercando di recuperare quante più informazioni possibili. Purtroppo molte opere risultano di Ubicazione ignota e non è stato quindi possibile completare/verificare i dati tecnici.</p>
<p>Alla luce di un&#8217;analisi completa le <b>Opere</b> di Gabriella Benedini sono suddivise in 18 sezioni, che restituiscono l&#8217;ampiezza e la peculiarità della sua ricerca:</p>
<p><b><i>Arpe</i></b><i>; <strong>Bidimensionali; </strong></i><b><i>Costellazioni</i></b><i>; <strong>F</strong></i><b><i>ilm; Goniometri; Incisioni; Installazioni; Libri; Metronomi; Multipli; Navigazioni;</i></b><i> </i><b><i>Pendoli del tempo; Progetti; Sculture; Sculture pensili; Sestanti; Vari; Vele.</i></b></p>
<p>Accedendo a ogni singola sezione è quindi possibile visualizzare tutte le opere appartenenti a quel gruppo, accomunate da analoghi elementi stilistici o tipologici, che compaiono in ordine cronologico.</p>
<p>Ciascuna opera, oltre alle caratteristiche tecniche, alle indicazioni di eventuali scritte sia sul fronte sia sul retro del supporto o del telaio e a eventuali notazioni, presenta i riferimenti bibliografici ed espositivi disposti in ordine cronologico: è possibile cioè sapere dove è stata pubblicata o citata e a quali rassegne è stata presente. </p>
<p>Inoltre ogni lavoro è corredato da una fotografia; in molti casi da più di una immagine, così che sia possibile conoscere i successivi passaggi e modifiche che l&#8217;opera ha subito, restituendo una modalità di lavoro peculiare dell&#8217;artista. Moltissime opere sono state fotografate in occasione della realizzazione del Catalogo ragionato, tuttavia quando non è stato possibile recuperare l&#8217;opera, si è scelto di inserire anche immagini di qualità modesta, in modo che comunque il lavoro sia identificabile.</p>
<p>Per le informazioni relative ai criteri adottati nella compilazione delle schede si rimanda alla <b>Guida alla consultazione delle schede</b>.</p>
<p><b><i>Esposizioni</i></b></p>
<p>Integrano il lavoro catalografico la sezione delle <b>Esposizioni </b>e quella della <b>Bibliografia</b>, tra loro collegate e connesse, come si è detto, con le opere.</p>
<p>La <b>Esposizioni,</b> oltre a essere collegate con l&#8217;opera cui ciascuna si riferisce, possono essere selezionate interamente e compaiono in ordine cronologico o possono essere ricercate secondo tre tipologie: esposizioni personali, esposizioni collettive, premi.</p>
<p>Questi ultimi costituiscono, infatti, un capitolo particolare e rilevante, dato che l&#8217;organizzazione di premi era molto diffusa nei decenni sessanta e settanta. E&#8217; parso quindi opportuno metterli in evidenza, poiché fanno emergere l&#8217;attenzione rivolta all&#8217;artista, fin dai primi anni della sua attività.</p>
<p>Per le Esposizioni è possibile una ricerca, oltre che per titolo, per anno/periodo, per curatore, per città e/o luogo.</p>
<p>A ciascuna Esposizione, oltre al catalogo relativo, sono collegati anche gli articoli della rassegna stampa che contengono riferimenti all&#8217;artista.</p>
<p>Per la presenza delle opere nelle rassegne ci si è avvalsi, oltre che dei cataloghi e/o di materiali pubblicati, anche di scatti fotografici, spesso amatoriali, che documentano l&#8217;allestimento espositivo.</p>
<p><b><i>Bibliografia</i></b></p>
<p>Oltre a poter accedere alle voci bibliografiche da ciascuna scheda delle opere, è possibile  visualizzare l&#8217;intera <b>Bibliografia</b>, che compare in ordine cronologico, o selezionarla attraverso  tre tipologie: volumi/saggi, comprendente libri e cataloghi, nonché testi specifici contenuti in volumi; articoli di periodici e quotidiani; opere illustrate dall&#8217;artista.</p>
<p>E&#8217; anche possibile compiere una ricerca, oltre che per titolo, per anno/periodo o per autore.</p>
<p>Incrociando i dati delle tre sezioni &#8211; <b>Opere, Esposizioni, Bibliografia, </b>&#8211; è quindi possibile ricostruire la vicenda artistica di Gabriella Benedini in tutte le circostanze che l&#8217;hanno vista presente.</p>
<p><b><i>La stampa</i></b></p>
<p>Ogni scheda e ogni ricerca può essere stampata in formato pdf utilizzando le consuete funzionalità del browser.</p>

<p>Avvertenza Il Catalogo ragionato online mantiene il sistema di relazioni che caratterizza il programma di archiviazione Arcopé, fornendo una lettura integrata dei dati. La prima versione del programma, nata una ventina di anni fa, si è avvalsa del motore di database Microsoft Access. La versione residenziale di Arcopé è stata soppiantata da una online, che si avvale del sistema MySQL, così da permettere l&#8217;accesso da qualsiasi luogo e a più catalogatori in contemporanea, rendendo possibili anche, grazie alle innovazioni tecnologiche, maggiori collegamenti, nonché l&#8217;inserimento di materiali multimediali, dai filmati alle scansioni di testi. Le informazioni raccolte durante gli anni nel lavoro di archiviazione sono dunque confluite, riordinate e riviste, nel&hellip; <a class="read-more" href="https://www.athema.it/catalogo_benedini/avvertenza/">Read More</a></p>
