{"id":974,"date":"2024-05-28T10:02:25","date_gmt":"2024-05-28T08:02:25","guid":{"rendered":"https:\/\/www.athema.it\/catalogo_ben_dev\/?page_id=974"},"modified":"2024-07-25T15:56:34","modified_gmt":"2024-07-25T13:56:34","slug":"arpe-2","status":"publish","type":"page","link":"https:\/\/www.athema.it\/catalogo_ben_dev\/arpe-2\/","title":{"rendered":"Arpe"},"content":{"rendered":"\n<h2>\n\t\tArpe\n\t<\/h2>\n\t<p>\u00ab[&#8230;] nel mio lavoro non c&#8217;\u00e8 solo la geometria, c&#8217;\u00e8 anche la fuga incommensurabile del suono, attraverso quelle sculture che chiamo arpe. [&#8230;] Il filo delle arpe \u00e8 la congiunzione tra un arco e un corpo, che avviene attraverso un filo, che \u00e8 una specie di estensione dell&#8217;arco: mi \u00e8 venuto spontaneo pensare che esso fosse anche un&#8217;estensione di suono, che avesse una possibilit\u00e0 di propagazione molto pi\u00f9 vasta, quasi infinita\u00bb cos\u00ec Gabriella Benedini &#8220;racconta&#8221; le sue arpe\t<a class=\"paoc-popup-click paoc-popup-cust-1572 paoc-popup-button paoc-popup-btn \" href=\"javascript:void(0);\">[1]<\/a>\r\n, sculture tridimensionali di grandi dimensioni, ma anche pi\u00f9 piccole, da appendere, originali sculture pensili. In tutto ne ha create quarantacinque, undici delle quali sono le sculture pensili intitolate <i>Arpe ferite<\/i>.<\/p>\n<p>La prima <i>Arpa<\/i> \u00e8 realizzata tra il 1990 e il 1991 (AGB 0750) e nel corso del 1991 ne vengono elaborate altre tre (AGB 0082; 0086; 0085), esposte per la prima volta alla galleria\u00a0 Spaziotemporaneo di Milano nel 1992\t<a class=\"paoc-popup-click paoc-popup-cust-1574 paoc-popup-button paoc-popup-btn \" href=\"javascript:void(0);\">[2]<\/a>\r\n con presentazione in catalogo di Gillo Dorfles, che scrive: \u00abQuali note &#8211; arcane, impercettibili, inafferrabili da orecchie umane &#8211; risuonano dalle grandi &#8220;Arpe&#8221; che Gabriella Benedini espone allo Spazio Temporaneo? Forse si tratta non di suoni ma di ultrasuoni emanati non da forme materiali (anche se costruite con legno, metallo, tela) ma da forme immateriali che l&#8217;artista ha pensato, ideato, e poi misteriosamente ricavato da assemblaggi di materiali trovati, manipolati e piegati ai suoi reconditi fini; o che gli stessi materiali hanno finito per suscitare nella sua mente\u00bb\t<a class=\"paoc-popup-click paoc-popup-cust-1575 paoc-popup-button paoc-popup-btn \" href=\"javascript:void(0);\">[3]<\/a>\r\n.<\/p>\n<p>Interessante \u00e8 la contaminazione che l&#8217;artista opera, o, meglio ancora, gli slittamenti di significato: la grande arpa del 1998 (AGB 0146) \u00e8 costituita dallo scafo di una barca, che abbandona la funzione di mezzo per la navigazione per trasformarsi, posto in tutta la sua altezza, in strumento musicale, e\/o, forse, intende ricordare la musica ammaliatrice del canto delle sirene&#8230;<\/p>\n<p>Importante l&#8217;installazione, della quale purtroppo non esiste documentazione fotografica, <i>Le arpe di Ninive<\/i>\t<a class=\"paoc-popup-click paoc-popup-cust-1576 paoc-popup-button paoc-popup-btn \" href=\"javascript:void(0);\">[4]<\/a>\r\n, costituita dalle due imponenti arpe (AGB 0048 e 0049), realizzate nel corso del 2005 e presentate alla mostra omonima a Palazzo Magnani di Reggio Emilia\t<a class=\"paoc-popup-click paoc-popup-cust-1577 paoc-popup-button paoc-popup-btn \" href=\"javascript:void(0);\">[5]<\/a>\r\n a cura di Sandro Parmiggiani. Si collega idealmente a un viaggio compiuto in Oriente nel 1969 nel quale l&#8217;artista ha visitato, partendo in auto da Milano, Iugoslavia, Bulgaria, Turchia, Iran, Afghanistan fino al Pakistan. Nell&#8217;intervista raccolta da Sandro Parmigiani a corredo del catalogo a questo proposito la Benedini dice che: \u00abC&#8217;\u00e8 appunto una circostanza precisa, la guerra, che mi ha fatto ripensare a quei luoghi. Ne sento i nomi ripetuti tutti i giorni, ricordo quello che ho visto, e immagino le distruzione &#8211; penso alla Biblioteca di Baghdad, con i manoscritti bruciati, o alle opere che avevo ammirato al museo di Baghdad, trafugate, disperse, distrutte. E&#8217; una cosa che mi procura dolore, una pena senza fine. [&#8230;] Esprimo con quest&#8217;opera un grande rispetto e amore per quel paese, l&#8217;Iraq, segnato prima da una dittatura feroce, e poi dalla guerra\u00bb\t<a class=\"paoc-popup-click paoc-popup-cust-1578 paoc-popup-button paoc-popup-btn \" href=\"javascript:void(0);\">[6]<\/a>\r\n. Nascono cos\u00ec, anche datate 2005 e 2006, le <i>Arpe ferite<\/i>, undici drammatiche sculture pensili avvolte in bende (AGB 0059, 0060, 0061, 0062, 0063, 0064, 0065, 0066, 0067, 0068, 1217), esplicita riflessione sui tempi di guerra e sulla distruzione nel Paese asiatico.<\/p>\n<p>E ancora eventi drammatici e irreparabili fanno tornare alla memoria quel viaggio come occasione per una nuova riflessione, che si concretizza nella rassegna <i>Storie perdute<\/i>, ordinata al Centro San Fedele\t<a class=\"paoc-popup-click paoc-popup-cust-1579 paoc-popup-button paoc-popup-btn \" href=\"javascript:void(0);\">[7]<\/a>\r\n, curata da Angela Madesani, in cui fotografie scattate dall&#8217;artista nel suo viaggio del 1969 testimoniano una realt\u00e0 oggi scomparsa, distrutta dalla furia iconoclasta dell&#8217;ISIS. Ne \u00e8 simbolo proprio un&#8217;<i>Arpa<\/i> (AGB 0085) del 1991, ora indicata con il titolo di <i>Arpa di Ninive<\/i>, che viene modificata nel 2019: alcune corde sono slegate, interrompendo la possibilit\u00e0 del suono e a terra sono sparsi dei cocci antichissimi, provenienti da Hatra, che dialogano con lo strumento.\u00a0<\/p>\n<p>E un&#8217;<i>Arpa<\/i> (AGB 0609) \u00e8 inserita nell&#8217;articolato progetto di rivisitazione urbana &#8211; messo a punto con\u00a0 Chiara Benedetti e Sara Maltese &#8211; presentato alla rassegna <i>Scultura nella citt\u00e0. Progetti per Milano<\/i> alla Societ\u00e0 per le Belle Arti ed Esposizione Permanente di Milano\t<a class=\"paoc-popup-click paoc-popup-cust-1580 paoc-popup-button paoc-popup-btn \" href=\"javascript:void(0);\">[8]<\/a>\r\n\u00a0 e insignito del secondo premio, che prevede la risistemazione urbanistica nella zona di San Marco nel capoluogo lombardo con l&#8217;inserimento anche di sette grandi <i>Vele<\/i> in vetroresina\u00a0 (AGB 0410).<\/p>\n\n","protected":false},"excerpt":{"rendered":"<p>Arpe \u00ab[&#8230;] nel mio lavoro non c&#8217;\u00e8 solo la geometria, c&#8217;\u00e8 anche la fuga incommensurabile del suono, attraverso quelle sculture che chiamo arpe. [&#8230;] Il filo delle arpe \u00e8 la congiunzione tra un arco e un corpo, che avviene attraverso un filo, che \u00e8 una specie di estensione dell&#8217;arco: mi \u00e8 venuto spontaneo pensare che esso fosse anche un&#8217;estensione di suono, che avesse una possibilit\u00e0 di propagazione molto pi\u00f9 vasta, quasi infinita\u00bb cos\u00ec Gabriella Benedini &#8220;racconta&#8221; le sue arpe, sculture tridimensionali di grandi dimensioni, ma anche pi\u00f9 piccole, da appendere, originali sculture pensili. In tutto ne ha create quarantacinque, undici delle quali sono le sculture pensili intitolate Arpe ferite. La&hellip; <a class=\"read-more\" href=\"https:\/\/www.athema.it\/catalogo_ben_dev\/arpe-2\/\">Read More<\/a><\/p>\n","protected":false},"author":1,"featured_media":0,"parent":0,"menu_order":0,"comment_status":"closed","ping_status":"closed","template":"","meta":{"footnotes":""},"class_list":["post-974","page","type-page","status-publish","hentry"],"_links":{"self":[{"href":"https:\/\/www.athema.it\/catalogo_ben_dev\/wp-json\/wp\/v2\/pages\/974","targetHints":{"allow":["GET"]}}],"collection":[{"href":"https:\/\/www.athema.it\/catalogo_ben_dev\/wp-json\/wp\/v2\/pages"}],"about":[{"href":"https:\/\/www.athema.it\/catalogo_ben_dev\/wp-json\/wp\/v2\/types\/page"}],"author":[{"embeddable":true,"href":"https:\/\/www.athema.it\/catalogo_ben_dev\/wp-json\/wp\/v2\/users\/1"}],"replies":[{"embeddable":true,"href":"https:\/\/www.athema.it\/catalogo_ben_dev\/wp-json\/wp\/v2\/comments?post=974"}],"version-history":[{"count":8,"href":"https:\/\/www.athema.it\/catalogo_ben_dev\/wp-json\/wp\/v2\/pages\/974\/revisions"}],"predecessor-version":[{"id":1731,"href":"https:\/\/www.athema.it\/catalogo_ben_dev\/wp-json\/wp\/v2\/pages\/974\/revisions\/1731"}],"wp:attachment":[{"href":"https:\/\/www.athema.it\/catalogo_ben_dev\/wp-json\/wp\/v2\/media?parent=974"}],"curies":[{"name":"wp","href":"https:\/\/api.w.org\/{rel}","templated":true}]}}

<h2>
		Arpe
	</h2>
	<p>«[&#8230;] nel mio lavoro non c&#8217;è solo la geometria, c&#8217;è anche la fuga incommensurabile del suono, attraverso quelle sculture che chiamo arpe. [&#8230;] Il filo delle arpe è la congiunzione tra un arco e un corpo, che avviene attraverso un filo, che è una specie di estensione dell&#8217;arco: mi è venuto spontaneo pensare che esso fosse anche un&#8217;estensione di suono, che avesse una possibilità di propagazione molto più vasta, quasi infinita» così Gabriella Benedini &#8220;racconta&#8221; le sue arpe	<a class="paoc-popup-click paoc-popup-cust-1572 paoc-popup-button paoc-popup-btn " href="javascript:void(0);">[1]</a>
, sculture tridimensionali di grandi dimensioni, ma anche più piccole, da appendere, originali sculture pensili. In tutto ne ha create quarantacinque, undici delle quali sono le sculture pensili intitolate <i>Arpe ferite</i>.</p>
<p>La prima <i>Arpa</i> è realizzata tra il 1990 e il 1991 (AGB 0750) e nel corso del 1991 ne vengono elaborate altre tre (AGB 0082; 0086; 0085), esposte per la prima volta alla galleria  Spaziotemporaneo di Milano nel 1992	<a class="paoc-popup-click paoc-popup-cust-1574 paoc-popup-button paoc-popup-btn " href="javascript:void(0);">[2]</a>
 con presentazione in catalogo di Gillo Dorfles, che scrive: «Quali note &#8211; arcane, impercettibili, inafferrabili da orecchie umane &#8211; risuonano dalle grandi &#8220;Arpe&#8221; che Gabriella Benedini espone allo Spazio Temporaneo? Forse si tratta non di suoni ma di ultrasuoni emanati non da forme materiali (anche se costruite con legno, metallo, tela) ma da forme immateriali che l&#8217;artista ha pensato, ideato, e poi misteriosamente ricavato da assemblaggi di materiali trovati, manipolati e piegati ai suoi reconditi fini; o che gli stessi materiali hanno finito per suscitare nella sua mente»	<a class="paoc-popup-click paoc-popup-cust-1575 paoc-popup-button paoc-popup-btn " href="javascript:void(0);">[3]</a>
.</p>
<p>Interessante è la contaminazione che l&#8217;artista opera, o, meglio ancora, gli slittamenti di significato: la grande arpa del 1998 (AGB 0146) è costituita dallo scafo di una barca, che abbandona la funzione di mezzo per la navigazione per trasformarsi, posto in tutta la sua altezza, in strumento musicale, e/o, forse, intende ricordare la musica ammaliatrice del canto delle sirene&#8230;</p>
<p>Importante l&#8217;installazione, della quale purtroppo non esiste documentazione fotografica, <i>Le arpe di Ninive</i>	<a class="paoc-popup-click paoc-popup-cust-1576 paoc-popup-button paoc-popup-btn " href="javascript:void(0);">[4]</a>
, costituita dalle due imponenti arpe (AGB 0048 e 0049), realizzate nel corso del 2005 e presentate alla mostra omonima a Palazzo Magnani di Reggio Emilia	<a class="paoc-popup-click paoc-popup-cust-1577 paoc-popup-button paoc-popup-btn " href="javascript:void(0);">[5]</a>
 a cura di Sandro Parmiggiani. Si collega idealmente a un viaggio compiuto in Oriente nel 1969 nel quale l&#8217;artista ha visitato, partendo in auto da Milano, Iugoslavia, Bulgaria, Turchia, Iran, Afghanistan fino al Pakistan. Nell&#8217;intervista raccolta da Sandro Parmigiani a corredo del catalogo a questo proposito la Benedini dice che: «C&#8217;è appunto una circostanza precisa, la guerra, che mi ha fatto ripensare a quei luoghi. Ne sento i nomi ripetuti tutti i giorni, ricordo quello che ho visto, e immagino le distruzione &#8211; penso alla Biblioteca di Baghdad, con i manoscritti bruciati, o alle opere che avevo ammirato al museo di Baghdad, trafugate, disperse, distrutte. E&#8217; una cosa che mi procura dolore, una pena senza fine. [&#8230;] Esprimo con quest&#8217;opera un grande rispetto e amore per quel paese, l&#8217;Iraq, segnato prima da una dittatura feroce, e poi dalla guerra»	<a class="paoc-popup-click paoc-popup-cust-1578 paoc-popup-button paoc-popup-btn " href="javascript:void(0);">[6]</a>
. Nascono così, anche datate 2005 e 2006, le <i>Arpe ferite</i>, undici drammatiche sculture pensili avvolte in bende (AGB 0059, 0060, 0061, 0062, 0063, 0064, 0065, 0066, 0067, 0068, 1217), esplicita riflessione sui tempi di guerra e sulla distruzione nel Paese asiatico.</p>
<p>E ancora eventi drammatici e irreparabili fanno tornare alla memoria quel viaggio come occasione per una nuova riflessione, che si concretizza nella rassegna <i>Storie perdute</i>, ordinata al Centro San Fedele	<a class="paoc-popup-click paoc-popup-cust-1579 paoc-popup-button paoc-popup-btn " href="javascript:void(0);">[7]</a>
, curata da Angela Madesani, in cui fotografie scattate dall&#8217;artista nel suo viaggio del 1969 testimoniano una realtà oggi scomparsa, distrutta dalla furia iconoclasta dell&#8217;ISIS. Ne è simbolo proprio un&#8217;<i>Arpa</i> (AGB 0085) del 1991, ora indicata con il titolo di <i>Arpa di Ninive</i>, che viene modificata nel 2019: alcune corde sono slegate, interrompendo la possibilità del suono e a terra sono sparsi dei cocci antichissimi, provenienti da Hatra, che dialogano con lo strumento. </p>
<p>E un&#8217;<i>Arpa</i> (AGB 0609) è inserita nell&#8217;articolato progetto di rivisitazione urbana &#8211; messo a punto con  Chiara Benedetti e Sara Maltese &#8211; presentato alla rassegna <i>Scultura nella città. Progetti per Milano</i> alla Società per le Belle Arti ed Esposizione Permanente di Milano	<a class="paoc-popup-click paoc-popup-cust-1580 paoc-popup-button paoc-popup-btn " href="javascript:void(0);">[8]</a>
  e insignito del secondo premio, che prevede la risistemazione urbanistica nella zona di San Marco nel capoluogo lombardo con l&#8217;inserimento anche di sette grandi <i>Vele</i> in vetroresina  (AGB 0410).</p>

<p>Arpe «[&#8230;] nel mio lavoro non c&#8217;è solo la geometria, c&#8217;è anche la fuga incommensurabile del suono, attraverso quelle sculture che chiamo arpe. [&#8230;] Il filo delle arpe è la congiunzione tra un arco e un corpo, che avviene attraverso un filo, che è una specie di estensione dell&#8217;arco: mi è venuto spontaneo pensare che esso fosse anche un&#8217;estensione di suono, che avesse una possibilità di propagazione molto più vasta, quasi infinita» così Gabriella Benedini &#8220;racconta&#8221; le sue arpe, sculture tridimensionali di grandi dimensioni, ma anche più piccole, da appendere, originali sculture pensili. In tutto ne ha create quarantacinque, undici delle quali sono le sculture pensili intitolate Arpe ferite. La&hellip; <a class="read-more" href="https://www.athema.it/catalogo_ben_dev/arpe-2/">Read More</a></p>
