{"id":821,"date":"2023-11-29T11:10:11","date_gmt":"2023-11-29T10:10:11","guid":{"rendered":"https:\/\/www.athema.it\/catalogo_ben_dev\/?page_id=821"},"modified":"2024-07-31T10:51:49","modified_gmt":"2024-07-31T08:51:49","slug":"sestanti","status":"publish","type":"page","link":"https:\/\/www.athema.it\/catalogo_ben_dev\/sestanti\/","title":{"rendered":"SESTANTI"},"content":{"rendered":"\n<h2>\n\t\tSestanti\n\t<\/h2>\n\t<p>\u00abAnche il sestante oltre che ad essere uno strumento di misurazione \u00e8 stato per me un luogo dove inserire un mondo che lo strumento stesso ha il compito di misurare\u00bb\t<a class=\"paoc-popup-click paoc-popup-cust-1642 paoc-popup-button paoc-popup-btn \" href=\"javascript:void(0);\">[1]<\/a>\r\n\u00a0 cos\u00ec dichiara Gabriella Benedini, che alla creazione di questa tipologia di opere, in tutto tredici, si \u00e8 dedicata a partire dal 1991 &#8211; ne ha realizzati fino al 2001 &#8211; , coniugando la sua passione per la misurazione e quella per il viaggio. Sono lavori per lo pi\u00f9 di grandi dimensioni, dalla caratteristica forma triangolare, anche se un paio, invece sono molto pi\u00f9 piccoli: uno (AGB 1639) \u00e8 contenuto in una sorta di cassettina di 30 x 35 centimetri; l&#8217;altro, <i>Piccolo sestante<\/i> (AGB 866) \u00e8 in vetro\t<a class=\"paoc-popup-click paoc-popup-cust-1643 paoc-popup-button paoc-popup-btn \" href=\"javascript:void(0);\">[2]<\/a>\r\n di 27 x 35 centimetri, realizzato da Fiam in 60 esemplari numerati per la Societ\u00e0 milanese Campoverde.<\/p>\n\n","protected":false},"excerpt":{"rendered":"<p>Sestanti \u00abAnche il sestante oltre che ad essere uno strumento di misurazione \u00e8 stato per me un luogo dove inserire un mondo che lo strumento stesso ha il compito di misurare\u00bb\u00a0 cos\u00ec dichiara Gabriella Benedini, che alla creazione di questa tipologia di opere, in tutto tredici, si \u00e8 dedicata a partire dal 1991 &#8211; ne ha realizzati fino al 2001 &#8211; , coniugando la sua passione per la misurazione e quella per il viaggio. Sono lavori per lo pi\u00f9 di grandi dimensioni, dalla caratteristica forma triangolare, anche se un paio, invece sono molto pi\u00f9 piccoli: uno (AGB 1639) \u00e8 contenuto in una sorta di cassettina di 30 x 35 centimetri;&hellip; <a class=\"read-more\" href=\"https:\/\/www.athema.it\/catalogo_ben_dev\/sestanti\/\">Read More<\/a><\/p>\n","protected":false},"author":1,"featured_media":0,"parent":0,"menu_order":0,"comment_status":"closed","ping_status":"closed","template":"","meta":{"footnotes":""},"class_list":["post-821","page","type-page","status-publish","hentry"],"_links":{"self":[{"href":"https:\/\/www.athema.it\/catalogo_ben_dev\/wp-json\/wp\/v2\/pages\/821","targetHints":{"allow":["GET"]}}],"collection":[{"href":"https:\/\/www.athema.it\/catalogo_ben_dev\/wp-json\/wp\/v2\/pages"}],"about":[{"href":"https:\/\/www.athema.it\/catalogo_ben_dev\/wp-json\/wp\/v2\/types\/page"}],"author":[{"embeddable":true,"href":"https:\/\/www.athema.it\/catalogo_ben_dev\/wp-json\/wp\/v2\/users\/1"}],"replies":[{"embeddable":true,"href":"https:\/\/www.athema.it\/catalogo_ben_dev\/wp-json\/wp\/v2\/comments?post=821"}],"version-history":[{"count":7,"href":"https:\/\/www.athema.it\/catalogo_ben_dev\/wp-json\/wp\/v2\/pages\/821\/revisions"}],"predecessor-version":[{"id":1848,"href":"https:\/\/www.athema.it\/catalogo_ben_dev\/wp-json\/wp\/v2\/pages\/821\/revisions\/1848"}],"wp:attachment":[{"href":"https:\/\/www.athema.it\/catalogo_ben_dev\/wp-json\/wp\/v2\/media?parent=821"}],"curies":[{"name":"wp","href":"https:\/\/api.w.org\/{rel}","templated":true}]}}