{"id":797,"date":"2023-11-29T10:25:47","date_gmt":"2023-11-29T09:25:47","guid":{"rendered":"https:\/\/www.athema.it\/catalogo_ben_dev\/?page_id=797"},"modified":"2024-07-30T11:39:48","modified_gmt":"2024-07-30T09:39:48","slug":"pendoli-del-tempo","status":"publish","type":"page","link":"https:\/\/www.athema.it\/catalogo_ben_dev\/pendoli-del-tempo\/","title":{"rendered":"PENDOLI DEL TEMPO"},"content":{"rendered":"\n<h2>\n\t\tPendoli del tempo\n\t<\/h2>\n\t<p>Dalla met\u00e0 del decennio Ottanta Gabriella Benedini inizia a elaborare i <i>Pendoli del tempo<\/i>, una creazione dal caratteristico formato allungato (60\/70 x 20), che si pone in una dimensione intermedia tra l&#8217;opera pittorica e quella scultorea. La prima presenza a un&#8217;esposizione risulta essere a Bruxelles alla Galleria di Sonia Berryer\t<a class=\"paoc-popup-click paoc-popup-cust-1629 paoc-popup-button paoc-popup-btn \" href=\"javascript:void(0);\">[1]<\/a>\r\n, dove \u00e8 esposto un Pendolo del 1990 (AGB 0733).\u00a0<\/p>\n<p>E&#8217; evidente anche in questo caso la ricerca condotta all&#8217;interno della serialit\u00e0, cos\u00ec da sondare, proprio grazie alla reiterazione, tutte le possibilit\u00e0 che questa riflessione sul tempo pu\u00f2 offrire: elabora, infatti, nell&#8217;arco di circa venticinque anni, fino al 2004, sessantatr\u00e9 esemplari e, come per altre tipologie, \u00e8 possibile cogliere delle costanti cromatiche che identificano la tavolozza dell&#8217;artista: i bruni, i bianchi, i blu.\u00a0<\/p>\n<p>Con il medesimo titolo sono indicate anche opere dal formato differente, quindici in tutto, &#8211; in realt\u00e0 delle Sculture pensili, sezione cui si rinvia -, ma che tradiscono il reiterarsi della riflessione sulla categoria del tempo e in alcuni casi accanto a questo titolo ne \u00e8 riportato un altro, <i>Rimescolare il tempo<\/i>, che rimanda a un altro aspetto della ricerca, caratterizzato dalla presenza di un mestolo.\u00a0<\/p>\n\n","protected":false},"excerpt":{"rendered":"<p>Pendoli del tempo Dalla met\u00e0 del decennio Ottanta Gabriella Benedini inizia a elaborare i Pendoli del tempo, una creazione dal caratteristico formato allungato (60\/70 x 20), che si pone in una dimensione intermedia tra l&#8217;opera pittorica e quella scultorea. La prima presenza a un&#8217;esposizione risulta essere a Bruxelles alla Galleria di Sonia Berryer, dove \u00e8 esposto un Pendolo del 1990 (AGB 0733).\u00a0 E&#8217; evidente anche in questo caso la ricerca condotta all&#8217;interno della serialit\u00e0, cos\u00ec da sondare, proprio grazie alla reiterazione, tutte le possibilit\u00e0 che questa riflessione sul tempo pu\u00f2 offrire: elabora, infatti, nell&#8217;arco di circa venticinque anni, fino al 2004, sessantatr\u00e9 esemplari e, come per altre tipologie, \u00e8 possibile&hellip; <a class=\"read-more\" href=\"https:\/\/www.athema.it\/catalogo_ben_dev\/pendoli-del-tempo\/\">Read More<\/a><\/p>\n","protected":false},"author":1,"featured_media":0,"parent":0,"menu_order":0,"comment_status":"closed","ping_status":"closed","template":"","meta":{"footnotes":""},"class_list":["post-797","page","type-page","status-publish","hentry"],"_links":{"self":[{"href":"https:\/\/www.athema.it\/catalogo_ben_dev\/wp-json\/wp\/v2\/pages\/797","targetHints":{"allow":["GET"]}}],"collection":[{"href":"https:\/\/www.athema.it\/catalogo_ben_dev\/wp-json\/wp\/v2\/pages"}],"about":[{"href":"https:\/\/www.athema.it\/catalogo_ben_dev\/wp-json\/wp\/v2\/types\/page"}],"author":[{"embeddable":true,"href":"https:\/\/www.athema.it\/catalogo_ben_dev\/wp-json\/wp\/v2\/users\/1"}],"replies":[{"embeddable":true,"href":"https:\/\/www.athema.it\/catalogo_ben_dev\/wp-json\/wp\/v2\/comments?post=797"}],"version-history":[{"count":6,"href":"https:\/\/www.athema.it\/catalogo_ben_dev\/wp-json\/wp\/v2\/pages\/797\/revisions"}],"predecessor-version":[{"id":1830,"href":"https:\/\/www.athema.it\/catalogo_ben_dev\/wp-json\/wp\/v2\/pages\/797\/revisions\/1830"}],"wp:attachment":[{"href":"https:\/\/www.athema.it\/catalogo_ben_dev\/wp-json\/wp\/v2\/media?parent=797"}],"curies":[{"name":"wp","href":"https:\/\/api.w.org\/{rel}","templated":true}]}}

<h2>
		Pendoli del tempo
	</h2>
	<p>Dalla metà del decennio Ottanta Gabriella Benedini inizia a elaborare i <i>Pendoli del tempo</i>, una creazione dal caratteristico formato allungato (60/70 x 20), che si pone in una dimensione intermedia tra l&#8217;opera pittorica e quella scultorea. La prima presenza a un&#8217;esposizione risulta essere a Bruxelles alla Galleria di Sonia Berryer	<a class="paoc-popup-click paoc-popup-cust-1629 paoc-popup-button paoc-popup-btn " href="javascript:void(0);">[1]</a>
, dove è esposto un Pendolo del 1990 (AGB 0733). </p>
<p>E&#8217; evidente anche in questo caso la ricerca condotta all&#8217;interno della serialità, così da sondare, proprio grazie alla reiterazione, tutte le possibilità che questa riflessione sul tempo può offrire: elabora, infatti, nell&#8217;arco di circa venticinque anni, fino al 2004, sessantatré esemplari e, come per altre tipologie, è possibile cogliere delle costanti cromatiche che identificano la tavolozza dell&#8217;artista: i bruni, i bianchi, i blu. </p>
<p>Con il medesimo titolo sono indicate anche opere dal formato differente, quindici in tutto, &#8211; in realtà delle Sculture pensili, sezione cui si rinvia -, ma che tradiscono il reiterarsi della riflessione sulla categoria del tempo e in alcuni casi accanto a questo titolo ne è riportato un altro, <i>Rimescolare il tempo</i>, che rimanda a un altro aspetto della ricerca, caratterizzato dalla presenza di un mestolo. </p>

<p>Pendoli del tempo Dalla metà del decennio Ottanta Gabriella Benedini inizia a elaborare i Pendoli del tempo, una creazione dal caratteristico formato allungato (60/70 x 20), che si pone in una dimensione intermedia tra l&#8217;opera pittorica e quella scultorea. La prima presenza a un&#8217;esposizione risulta essere a Bruxelles alla Galleria di Sonia Berryer, dove è esposto un Pendolo del 1990 (AGB 0733).  E&#8217; evidente anche in questo caso la ricerca condotta all&#8217;interno della serialità, così da sondare, proprio grazie alla reiterazione, tutte le possibilità che questa riflessione sul tempo può offrire: elabora, infatti, nell&#8217;arco di circa venticinque anni, fino al 2004, sessantatré esemplari e, come per altre tipologie, è possibile&hellip; <a class="read-more" href="https://www.athema.it/catalogo_ben_dev/pendoli-del-tempo/">Read More</a></p>
