{"id":790,"date":"2023-11-29T10:15:55","date_gmt":"2023-11-29T09:15:55","guid":{"rendered":"https:\/\/www.athema.it\/catalogo_ben_dev\/?page_id=790"},"modified":"2024-07-30T17:42:13","modified_gmt":"2024-07-30T15:42:13","slug":"libri-di-poesia","status":"publish","type":"page","link":"https:\/\/www.athema.it\/catalogo_ben_dev\/libri-di-poesia\/","title":{"rendered":"LIBRI DI POESIA"},"content":{"rendered":"\n<h2>\n\t\tLibri di poesia\n\t<\/h2>\n\t<p>Grande appassionata di poesia, Gabriella Benedini ha acquistato fin dal suo esordio all&#8217;inizio degli anni Sessanta i piccoli libri di poesia della collana &#8220;la Bianca&#8221; di Einaudi &#8211; pubblicata proprio a partire dal 1964 &#8211; e dalla fine del decennio Ottanta ha incominciato a intervenire sui volumi, sostituendo le premesse\/introduzioni con interventi artistici, incollati sulle pagine o inseriti nelle pagine ritagliate con raffinati effetti di trasparenza. Nascono cos\u00ec delle preziose piccole opere d&#8217;arte, utilizzate spesso come doni natalizi agli amici o per particolari ricorrenze.\u00a0<\/p>\n<p>Oltre ai volumi pubblicati da Einaudi ha utilizzato quindici volumetti della collana &#8220;I canguri&#8221; edita da Feltrinelli e uno della &#8220;BUR&#8221;, Biblioteca Universale Rizzoli (indicazioni riportate nelle schede).<\/p>\n<p>Negli anni ne ha realizzati moltissimi; fino a oggi ne sono stati catalogati centottantasette, di uno dei quali, per\u00f2, si ha solo notizia orale, ma non \u00e8 nota l&#8217;opera n\u00e9 l&#8217;attuale collocazione.<\/p>\n<p>Se pure si tratta di lavori che hanno prevalentemente un carattere intimo e personale, sono stati oggetto di una vasta rassegna a cura di Giovanni Tesio nel 2008\t<a class=\"paoc-popup-click paoc-popup-cust-1612 paoc-popup-button paoc-popup-btn \" href=\"javascript:void(0);\">[1]<\/a>\r\n che ne ha presentati una sessantina.<\/p>\n\n","protected":false},"excerpt":{"rendered":"<p>Libri di poesia Grande appassionata di poesia, Gabriella Benedini ha acquistato fin dal suo esordio all&#8217;inizio degli anni Sessanta i piccoli libri di poesia della collana &#8220;la Bianca&#8221; di Einaudi &#8211; pubblicata proprio a partire dal 1964 &#8211; e dalla fine del decennio Ottanta ha incominciato a intervenire sui volumi, sostituendo le premesse\/introduzioni con interventi artistici, incollati sulle pagine o inseriti nelle pagine ritagliate con raffinati effetti di trasparenza. Nascono cos\u00ec delle preziose piccole opere d&#8217;arte, utilizzate spesso come doni natalizi agli amici o per particolari ricorrenze.\u00a0 Oltre ai volumi pubblicati da Einaudi ha utilizzato quindici volumetti della collana &#8220;I canguri&#8221; edita da Feltrinelli e uno della &#8220;BUR&#8221;, Biblioteca Universale&hellip; <a class=\"read-more\" href=\"https:\/\/www.athema.it\/catalogo_ben_dev\/libri-di-poesia\/\">Read More<\/a><\/p>\n","protected":false},"author":1,"featured_media":0,"parent":0,"menu_order":0,"comment_status":"closed","ping_status":"closed","template":"","meta":{"footnotes":""},"class_list":["post-790","page","type-page","status-publish","hentry"],"_links":{"self":[{"href":"https:\/\/www.athema.it\/catalogo_ben_dev\/wp-json\/wp\/v2\/pages\/790","targetHints":{"allow":["GET"]}}],"collection":[{"href":"https:\/\/www.athema.it\/catalogo_ben_dev\/wp-json\/wp\/v2\/pages"}],"about":[{"href":"https:\/\/www.athema.it\/catalogo_ben_dev\/wp-json\/wp\/v2\/types\/page"}],"author":[{"embeddable":true,"href":"https:\/\/www.athema.it\/catalogo_ben_dev\/wp-json\/wp\/v2\/users\/1"}],"replies":[{"embeddable":true,"href":"https:\/\/www.athema.it\/catalogo_ben_dev\/wp-json\/wp\/v2\/comments?post=790"}],"version-history":[{"count":7,"href":"https:\/\/www.athema.it\/catalogo_ben_dev\/wp-json\/wp\/v2\/pages\/790\/revisions"}],"predecessor-version":[{"id":1843,"href":"https:\/\/www.athema.it\/catalogo_ben_dev\/wp-json\/wp\/v2\/pages\/790\/revisions\/1843"}],"wp:attachment":[{"href":"https:\/\/www.athema.it\/catalogo_ben_dev\/wp-json\/wp\/v2\/media?parent=790"}],"curies":[{"name":"wp","href":"https:\/\/api.w.org\/{rel}","templated":true}]}}

<h2>
		Libri di poesia
	</h2>
	<p>Grande appassionata di poesia, Gabriella Benedini ha acquistato fin dal suo esordio all&#8217;inizio degli anni Sessanta i piccoli libri di poesia della collana &#8220;la Bianca&#8221; di Einaudi &#8211; pubblicata proprio a partire dal 1964 &#8211; e dalla fine del decennio Ottanta ha incominciato a intervenire sui volumi, sostituendo le premesse/introduzioni con interventi artistici, incollati sulle pagine o inseriti nelle pagine ritagliate con raffinati effetti di trasparenza. Nascono così delle preziose piccole opere d&#8217;arte, utilizzate spesso come doni natalizi agli amici o per particolari ricorrenze. </p>
<p>Oltre ai volumi pubblicati da Einaudi ha utilizzato quindici volumetti della collana &#8220;I canguri&#8221; edita da Feltrinelli e uno della &#8220;BUR&#8221;, Biblioteca Universale Rizzoli (indicazioni riportate nelle schede).</p>
<p>Negli anni ne ha realizzati moltissimi; fino a oggi ne sono stati catalogati centottantasette, di uno dei quali, però, si ha solo notizia orale, ma non è nota l&#8217;opera né l&#8217;attuale collocazione.</p>
<p>Se pure si tratta di lavori che hanno prevalentemente un carattere intimo e personale, sono stati oggetto di una vasta rassegna a cura di Giovanni Tesio nel 2008	<a class="paoc-popup-click paoc-popup-cust-1612 paoc-popup-button paoc-popup-btn " href="javascript:void(0);">[1]</a>
 che ne ha presentati una sessantina.</p>

<p>Libri di poesia Grande appassionata di poesia, Gabriella Benedini ha acquistato fin dal suo esordio all&#8217;inizio degli anni Sessanta i piccoli libri di poesia della collana &#8220;la Bianca&#8221; di Einaudi &#8211; pubblicata proprio a partire dal 1964 &#8211; e dalla fine del decennio Ottanta ha incominciato a intervenire sui volumi, sostituendo le premesse/introduzioni con interventi artistici, incollati sulle pagine o inseriti nelle pagine ritagliate con raffinati effetti di trasparenza. Nascono così delle preziose piccole opere d&#8217;arte, utilizzate spesso come doni natalizi agli amici o per particolari ricorrenze.  Oltre ai volumi pubblicati da Einaudi ha utilizzato quindici volumetti della collana &#8220;I canguri&#8221; edita da Feltrinelli e uno della &#8220;BUR&#8221;, Biblioteca Universale&hellip; <a class="read-more" href="https://www.athema.it/catalogo_ben_dev/libri-di-poesia/">Read More</a></p>
